{"id":484,"date":"2023-04-07T13:42:00","date_gmt":"2023-04-07T11:42:00","guid":{"rendered":"https:\/\/franciszkanie-zlotoryja.com\/?page_id=484"},"modified":"2023-04-07T13:47:19","modified_gmt":"2023-04-07T11:47:19","slug":"katecheza-dla-doroslych","status":"publish","type":"page","link":"https:\/\/franciszkanie-zlotoryja.com\/index.php\/katecheza-dla-doroslych\/","title":{"rendered":"Katecheza dla doros\u0142ych"},"content":{"rendered":"\n<div class=\"wp-block-query is-layout-flow wp-block-query-is-layout-flow\"><ul class=\"is-flex-container columns-3 wp-block-post-template is-layout-flow wp-block-post-template-is-layout-flow\"><li class=\"wp-block-post post-3451 post type-post status-publish format-standard hentry category-katecheza\">\n\n<div class=\"wp-block-group\" style=\"padding-top:30px;padding-right:30px;padding-bottom:30px;padding-left:30px\"><div class=\"wp-block-group__inner-container is-layout-flow wp-block-group-is-layout-flow\"><h2 class=\"wp-block-post-title\"><a href=\"https:\/\/franciszkanie-zlotoryja.com\/index.php\/2026\/04\/27\/katecheza-23-kwietnia-2026\/\" target=\"_self\" >Katecheza | 23 kwietnia 2026<\/a><\/h2>\n\n<div class=\"wp-block-post-excerpt\"><p class=\"wp-block-post-excerpt__excerpt\">23 kwietnia 2026 r. w bibliotece parafialnej odby\u0142a si\u0119 katecheza dla doros\u0142ych, kt\u00f3r\u0105 poprowadzi\u0142 o. Paulin Maria Adamowski OFM. Wsp\u00f3lnie z prowadz\u0105cym uczestnicy rozwa\u017cali zagadnienia zwi\u0105zane z sumieniem oraz uczuciami. Poruszono tak\u017ce temat dobrych i z\u0142ych uczynk\u00f3w. Marek Szalkiewicz <\/p><\/div>\n\n<div class=\"wp-block-post-date\"><time datetime=\"2026-04-27T21:17:17+02:00\">2026-04-27<\/time><\/div><\/div><\/div>\n\n<\/li><li class=\"wp-block-post post-3367 post type-post status-publish format-standard hentry category-katecheza\">\n\n<div class=\"wp-block-group\" style=\"padding-top:30px;padding-right:30px;padding-bottom:30px;padding-left:30px\"><div class=\"wp-block-group__inner-container is-layout-flow wp-block-group-is-layout-flow\"><h2 class=\"wp-block-post-title\"><a href=\"https:\/\/franciszkanie-zlotoryja.com\/index.php\/2026\/03\/30\/katecheza-26-marca-2026\/\" target=\"_self\" >Katecheza | 26 marca 2026<\/a><\/h2>\n\n<div class=\"wp-block-post-excerpt\"><p class=\"wp-block-post-excerpt__excerpt\">26 marca 2026 r. odby\u0142a si\u0119 katecheza dla doros\u0142ych, kt\u00f3r\u0105 poprowadzi\u0142 o. Paulin Maria Adamowski OFM. Tym razem rozmawiali\u015bmy o powo\u0142aniu cz\u0142owieka do szcz\u0119\u015bcia. Wsp\u00f3lnie analizowali\u015bmy poszczeg\u00f3lne paragrafy z \u201eKatechizmu Ko\u015bcio\u0142a Katolickiego\u201d, wzbogacaj\u0105c przy okazji nasz\u0105 wiedz\u0119 oraz duchowo\u015b\u0107. Marek Szalkiewicz <\/p><\/div>\n\n<div class=\"wp-block-post-date\"><time datetime=\"2026-03-30T10:08:49+02:00\">2026-03-30<\/time><\/div><\/div><\/div>\n\n<\/li><li class=\"wp-block-post post-3296 post type-post status-publish format-standard hentry category-katecheza\">\n\n<div class=\"wp-block-group\" style=\"padding-top:30px;padding-right:30px;padding-bottom:30px;padding-left:30px\"><div class=\"wp-block-group__inner-container is-layout-flow wp-block-group-is-layout-flow\"><h2 class=\"wp-block-post-title\"><a href=\"https:\/\/franciszkanie-zlotoryja.com\/index.php\/2026\/03\/16\/katecheza-12-marca-2026\/\" target=\"_self\" >Katecheza | 12 marca 2026<\/a><\/h2>\n\n<div class=\"wp-block-post-excerpt\"><p class=\"wp-block-post-excerpt__excerpt\">12 marca 2026 r. odby\u0142a si\u0119 katecheza dla doros\u0142ych prowadzona przez o. Paulina Mari\u0119 Adamowskiego OFM. Na podstawie fragment\u00f3w Katechizmu Ko\u015bcio\u0142a Katolickiego uczestnicy rozwa\u017cali temat godno\u015bci cz\u0142owieka. Podkre\u015blono, \u017ce godno\u015b\u0107 osoby ludzkiej wynika z powo\u0142ania do \u017cycia wiecznego oraz z faktu stworzenia cz\u0142owieka na obraz Boga. Cz\u0142owiek zosta\u0142 obdarzony rozumem, woln\u0105 wol\u0105 i zdolno\u015bci\u0105 rozr\u00f3\u017cniania&#8230; <\/p><\/div>\n\n<div class=\"wp-block-post-date\"><time datetime=\"2026-03-16T21:04:59+02:00\">2026-03-16<\/time><\/div><\/div><\/div>\n\n<\/li><li class=\"wp-block-post post-2990 post type-post status-publish format-standard hentry category-katecheza\">\n\n<div class=\"wp-block-group\" style=\"padding-top:30px;padding-right:30px;padding-bottom:30px;padding-left:30px\"><div class=\"wp-block-group__inner-container is-layout-flow wp-block-group-is-layout-flow\"><h2 class=\"wp-block-post-title\"><a href=\"https:\/\/franciszkanie-zlotoryja.com\/index.php\/2025\/12\/16\/katecheza-11-grudnia-2025\/\" target=\"_self\" >Katecheza | 11 grudnia 2025<\/a><\/h2>\n\n<div class=\"wp-block-post-excerpt\"><p class=\"wp-block-post-excerpt__excerpt\">11 grudnia 2025 roku w bibliotece parafialnej odby\u0142a si\u0119 kolejna katecheza dla doros\u0142ych, prowadzona przez o. Paulina Mari\u0119 Adamowskiego OFM. W pierwszej cz\u0119\u015bci spotkania uczestnicy zapoznali si\u0119 z zagadnieniem kr\u0119g\u00f3w przynale\u017cno\u015bci do Ko\u015bcio\u0142a katolickiego. Nast\u0119pnie o. Paulin om\u00f3wi\u0142 podstawowe kwestie zwi\u0105zane z prawem naturalnym. Poruszono r\u00f3wnie\u017c temat r\u00f3\u017cnic mi\u0119dzy chrze\u015bcija\u0144stwem a innymi wielkimi religiami \u015bwiata&#8230;. <\/p><\/div>\n\n<div class=\"wp-block-post-date\"><time datetime=\"2025-12-16T14:21:24+02:00\">2025-12-16<\/time><\/div><\/div><\/div>\n\n<\/li><li class=\"wp-block-post post-2917 post type-post status-publish format-standard hentry category-katecheza\">\n\n<div class=\"wp-block-group\" style=\"padding-top:30px;padding-right:30px;padding-bottom:30px;padding-left:30px\"><div class=\"wp-block-group__inner-container is-layout-flow wp-block-group-is-layout-flow\"><h2 class=\"wp-block-post-title\"><a href=\"https:\/\/franciszkanie-zlotoryja.com\/index.php\/2025\/11\/30\/katecheza-27-listopada-2025\/\" target=\"_self\" >Katecheza | 27 listopada 2025<\/a><\/h2>\n\n<div class=\"wp-block-post-excerpt\"><p class=\"wp-block-post-excerpt__excerpt\">27 listopada 2025 r. w salce multimedialnej odby\u0142a si\u0119 kolejna katecheza dla doros\u0142ych, prowadzona przez o. Paulina Mari\u0119 Adamowskiego OFM. W pierwszej cz\u0119\u015bci om\u00f3wili\u015bmy zagadnienia dotycz\u0105ce S\u0105du Ostatecznego oraz paruzji &#8211; momentu ponownego przyj\u015bcia Jezusa Chrystusa na ziemi\u0119. W drugiej cz\u0119\u015bci rozwa\u017cali\u015bmy tematy zwi\u0105zane z okresem adwentowym. Dowiedzieli\u015bmy si\u0119, jakie znaczenie w naszym \u017cyciu duchowym&#8230; <\/p><\/div>\n\n<div class=\"wp-block-post-date\"><time datetime=\"2025-11-30T23:40:25+02:00\">2025-11-30<\/time><\/div><\/div><\/div>\n\n<\/li><li class=\"wp-block-post post-2867 post type-post status-publish format-standard hentry category-katecheza\">\n\n<div class=\"wp-block-group\" style=\"padding-top:30px;padding-right:30px;padding-bottom:30px;padding-left:30px\"><div class=\"wp-block-group__inner-container is-layout-flow wp-block-group-is-layout-flow\"><h2 class=\"wp-block-post-title\"><a href=\"https:\/\/franciszkanie-zlotoryja.com\/index.php\/2025\/11\/17\/katecheza-13-listopada-2025\/\" target=\"_self\" >Katecheza | 13 listopada 2025<\/a><\/h2>\n\n<div class=\"wp-block-post-excerpt\"><p class=\"wp-block-post-excerpt__excerpt\">13 listopada 2025 r. w salce multimedialnej odby\u0142a si\u0119 kolejna katecheza dla doros\u0142ych, prowadzona przez o. Paulina Mari\u0119 Adamowskiego OFM. W pierwszej cz\u0119\u015bci kontynuowali\u015bmy rozmow\u0119 na temat element\u00f3w i symboliki chrze\u015bcija\u0144skiego grobu. W drugiej cz\u0119\u015bci czytali\u015bmy i rozwa\u017cali\u015bmy zapowied\u017a Jezusa dotycz\u0105c\u0105 prze\u015bladowania Jego wyznawc\u00f3w (\u0141k 21, 5\u201319). Podczas spotkania u\u015bwiadomili\u015bmy sobie, \u017ce mimo szykan, represji&#8230; <\/p><\/div>\n\n<div class=\"wp-block-post-date\"><time datetime=\"2025-11-17T17:11:03+02:00\">2025-11-17<\/time><\/div><\/div><\/div>\n\n<\/li><\/ul><\/div>\n","protected":false},"excerpt":{"rendered":"","protected":false},"author":1,"featured_media":0,"parent":0,"menu_order":0,"comment_status":"closed","ping_status":"closed","template":"","meta":{"_kadence_starter_templates_imported_post":false,"_kad_post_transparent":"","_kad_post_title":"","_kad_post_layout":"","_kad_post_sidebar_id":"","_kad_post_content_style":"","_kad_post_vertical_padding":"","_kad_post_feature":"","_kad_post_feature_position":"","_kad_post_header":false,"_kad_post_footer":false,"footnotes":""},"class_list":["post-484","page","type-page","status-publish","hentry"],"_links":{"self":[{"href":"https:\/\/franciszkanie-zlotoryja.com\/index.php\/wp-json\/wp\/v2\/pages\/484","targetHints":{"allow":["GET"]}}],"collection":[{"href":"https:\/\/franciszkanie-zlotoryja.com\/index.php\/wp-json\/wp\/v2\/pages"}],"about":[{"href":"https:\/\/franciszkanie-zlotoryja.com\/index.php\/wp-json\/wp\/v2\/types\/page"}],"author":[{"embeddable":true,"href":"https:\/\/franciszkanie-zlotoryja.com\/index.php\/wp-json\/wp\/v2\/users\/1"}],"replies":[{"embeddable":true,"href":"https:\/\/franciszkanie-zlotoryja.com\/index.php\/wp-json\/wp\/v2\/comments?post=484"}],"version-history":[{"count":3,"href":"https:\/\/franciszkanie-zlotoryja.com\/index.php\/wp-json\/wp\/v2\/pages\/484\/revisions"}],"predecessor-version":[{"id":488,"href":"https:\/\/franciszkanie-zlotoryja.com\/index.php\/wp-json\/wp\/v2\/pages\/484\/revisions\/488"}],"wp:attachment":[{"href":"https:\/\/franciszkanie-zlotoryja.com\/index.php\/wp-json\/wp\/v2\/media?parent=484"}],"curies":[{"name":"wp","href":"https:\/\/api.w.org\/{rel}","templated":true}]}}

Katecheza dla dorosłych

<div class="wp-block-query is-layout-flow wp-block-query-is-layout-flow"><ul class="is-flex-container columns-3 wp-block-post-template is-layout-flow wp-block-post-template-is-layout-flow"><li class="wp-block-post post-3451 post type-post status-publish format-standard hentry category-katecheza">

<div class="wp-block-group" style="padding-top:30px;padding-right:30px;padding-bottom:30px;padding-left:30px"><div class="wp-block-group__inner-container is-layout-flow wp-block-group-is-layout-flow"><h2 class="wp-block-post-title"><a href="https://franciszkanie-zlotoryja.com/index.php/2026/04/27/katecheza-23-kwietnia-2026/" target="_self" >Katecheza | 23 kwietnia 2026</a></h2>

<div class="wp-block-post-excerpt"><p class="wp-block-post-excerpt__excerpt">23 kwietnia 2026 r. w bibliotece parafialnej odbyła się katecheza dla dorosłych, którą poprowadził o. Paulin Maria Adamowski OFM. Wspólnie z prowadzącym uczestnicy rozważali zagadnienia związane z sumieniem oraz uczuciami. Poruszono także temat dobrych i złych uczynków. Marek Szalkiewicz </p></div>

<div class="wp-block-post-date"><time datetime="2026-04-27T21:17:17+02:00">2026-04-27</time></div></div></div>

</li><li class="wp-block-post post-3367 post type-post status-publish format-standard hentry category-katecheza">

<div class="wp-block-group" style="padding-top:30px;padding-right:30px;padding-bottom:30px;padding-left:30px"><div class="wp-block-group__inner-container is-layout-flow wp-block-group-is-layout-flow"><h2 class="wp-block-post-title"><a href="https://franciszkanie-zlotoryja.com/index.php/2026/03/30/katecheza-26-marca-2026/" target="_self" >Katecheza | 26 marca 2026</a></h2>

<div class="wp-block-post-excerpt"><p class="wp-block-post-excerpt__excerpt">26 marca 2026 r. odbyła się katecheza dla dorosłych, którą poprowadził o. Paulin Maria Adamowski OFM. Tym razem rozmawialiśmy o powołaniu człowieka do szczęścia. Wspólnie analizowaliśmy poszczególne paragrafy z „Katechizmu Kościoła Katolickiego”, wzbogacając przy okazji naszą wiedzę oraz duchowość. Marek Szalkiewicz </p></div>

<div class="wp-block-post-date"><time datetime="2026-03-30T10:08:49+02:00">2026-03-30</time></div></div></div>

</li><li class="wp-block-post post-3296 post type-post status-publish format-standard hentry category-katecheza">

<div class="wp-block-group" style="padding-top:30px;padding-right:30px;padding-bottom:30px;padding-left:30px"><div class="wp-block-group__inner-container is-layout-flow wp-block-group-is-layout-flow"><h2 class="wp-block-post-title"><a href="https://franciszkanie-zlotoryja.com/index.php/2026/03/16/katecheza-12-marca-2026/" target="_self" >Katecheza | 12 marca 2026</a></h2>

<div class="wp-block-post-excerpt"><p class="wp-block-post-excerpt__excerpt">12 marca 2026 r. odbyła się katecheza dla dorosłych prowadzona przez o. Paulina Marię Adamowskiego OFM. Na podstawie fragmentów Katechizmu Kościoła Katolickiego uczestnicy rozważali temat godności człowieka. Podkreślono, że godność osoby ludzkiej wynika z powołania do życia wiecznego oraz z faktu stworzenia człowieka na obraz Boga. Człowiek został obdarzony rozumem, wolną wolą i zdolnością rozróżniania&#8230; </p></div>

<div class="wp-block-post-date"><time datetime="2026-03-16T21:04:59+02:00">2026-03-16</time></div></div></div>

</li><li class="wp-block-post post-2990 post type-post status-publish format-standard hentry category-katecheza">

<div class="wp-block-group" style="padding-top:30px;padding-right:30px;padding-bottom:30px;padding-left:30px"><div class="wp-block-group__inner-container is-layout-flow wp-block-group-is-layout-flow"><h2 class="wp-block-post-title"><a href="https://franciszkanie-zlotoryja.com/index.php/2025/12/16/katecheza-11-grudnia-2025/" target="_self" >Katecheza | 11 grudnia 2025</a></h2>

<div class="wp-block-post-excerpt"><p class="wp-block-post-excerpt__excerpt">11 grudnia 2025 roku w bibliotece parafialnej odbyła się kolejna katecheza dla dorosłych, prowadzona przez o. Paulina Marię Adamowskiego OFM. W pierwszej części spotkania uczestnicy zapoznali się z zagadnieniem kręgów przynależności do Kościoła katolickiego. Następnie o. Paulin omówił podstawowe kwestie związane z prawem naturalnym. Poruszono również temat różnic między chrześcijaństwem a innymi wielkimi religiami świata&#8230;. </p></div>

<div class="wp-block-post-date"><time datetime="2025-12-16T14:21:24+02:00">2025-12-16</time></div></div></div>

</li><li class="wp-block-post post-2917 post type-post status-publish format-standard hentry category-katecheza">

<div class="wp-block-group" style="padding-top:30px;padding-right:30px;padding-bottom:30px;padding-left:30px"><div class="wp-block-group__inner-container is-layout-flow wp-block-group-is-layout-flow"><h2 class="wp-block-post-title"><a href="https://franciszkanie-zlotoryja.com/index.php/2025/11/30/katecheza-27-listopada-2025/" target="_self" >Katecheza | 27 listopada 2025</a></h2>

<div class="wp-block-post-excerpt"><p class="wp-block-post-excerpt__excerpt">27 listopada 2025 r. w salce multimedialnej odbyła się kolejna katecheza dla dorosłych, prowadzona przez o. Paulina Marię Adamowskiego OFM. W pierwszej części omówiliśmy zagadnienia dotyczące Sądu Ostatecznego oraz paruzji &#8211; momentu ponownego przyjścia Jezusa Chrystusa na ziemię. W drugiej części rozważaliśmy tematy związane z okresem adwentowym. Dowiedzieliśmy się, jakie znaczenie w naszym życiu duchowym&#8230; </p></div>

<div class="wp-block-post-date"><time datetime="2025-11-30T23:40:25+02:00">2025-11-30</time></div></div></div>

</li><li class="wp-block-post post-2867 post type-post status-publish format-standard hentry category-katecheza">

<div class="wp-block-group" style="padding-top:30px;padding-right:30px;padding-bottom:30px;padding-left:30px"><div class="wp-block-group__inner-container is-layout-flow wp-block-group-is-layout-flow"><h2 class="wp-block-post-title"><a href="https://franciszkanie-zlotoryja.com/index.php/2025/11/17/katecheza-13-listopada-2025/" target="_self" >Katecheza | 13 listopada 2025</a></h2>

<div class="wp-block-post-excerpt"><p class="wp-block-post-excerpt__excerpt">13 listopada 2025 r. w salce multimedialnej odbyła się kolejna katecheza dla dorosłych, prowadzona przez o. Paulina Marię Adamowskiego OFM. W pierwszej części kontynuowaliśmy rozmowę na temat elementów i symboliki chrześcijańskiego grobu. W drugiej części czytaliśmy i rozważaliśmy zapowiedź Jezusa dotyczącą prześladowania Jego wyznawców (Łk 21, 5–19). Podczas spotkania uświadomiliśmy sobie, że mimo szykan, represji&#8230; </p></div>

<div class="wp-block-post-date"><time datetime="2025-11-17T17:11:03+02:00">2025-11-17</time></div></div></div>

</li></ul></div>
